{"id":70,"date":"2024-06-29T07:40:21","date_gmt":"2024-06-29T07:40:21","guid":{"rendered":"https:\/\/louiswu.vn\/?page_id=70"},"modified":"2024-09-21T09:39:39","modified_gmt":"2024-09-21T01:39:39","slug":"wedding","status":"publish","type":"page","link":"https:\/\/louiswu.vn\/index.php\/wedding\/","title":{"rendered":"Wedding"},"content":{"rendered":"\n<p><\/p>\n\n\n\n<p>&#8220;<em>10 n\u0103m \u0111\u1eb1ng sau \u1ed1ng k\u00ednh, Louis Wu kh\u00f4ng ch\u1ec9 d\u1eebng ch\u00e2n \u1edf v\u1ecb tr\u00ed m\u1ed9t nhi\u1ebfp \u1ea3nh gia c\u01b0\u1edbi h\u00e0ng \u0111\u1ea7u m\u00e0 c\u00f2n l\u00e0 m\u1ed9t ngh\u1ec7 s\u0129 kh\u00f4ng ng\u1eebng kh\u00e1m ph\u00e1 v\u00e0 s\u00e1ng t\u1ea1o. \u0110am m\u00ea ch\u00e1y b\u1ecfng \u0111\u00e3 d\u1eabn anh \u0111\u1ebfn v\u1edbi Leica, m\u1ed9t cu\u1ed9c g\u1eb7p g\u1ee1 \u0111\u1ecbnh m\u1ec7nh \u0111\u00e3 m\u1edf ra m\u1ed9t ch\u01b0\u01a1ng m\u1edbi \u0111\u1ea7y h\u1ee9ng kh\u1edfi. V\u1edbi Leica M, Louis Wu \u0111\u00e3 t\u00ecm th\u1ea5y m\u1ed9t ng\u01b0\u1eddi b\u1ea1n \u0111\u1ed3ng h\u00e0nh ho\u00e0n h\u1ea3o, c\u00f9ng anh l\u01b0u gi\u1eef nh\u1eefng kho\u1ea3nh kh\u1eafc \u0111\u1eb9p \u0111\u1ebd nh\u1ea5t c\u1ee7a t\u00ecnh y\u00eau.<\/em><\/p>\n\n\n\n<p><em>V\u1edbi \u0111\u1eb7c tr\u01b0ng c\u1ee7a d\u00f2ng m\u00e1y rangefinder, Louis Wu mang \u0111\u1ebfn m\u1ed9t g\u00f3c nh\u00ecn \u0111\u1ed9c \u0111\u00e1o v\u00e0 \u0111\u1ea7y c\u1ea3m x\u00fac qua khung \u1ea3nh c\u1ee7a m\u00ecnh, \u0111i\u1ec1u n\u00e0y khi\u1ebfn anh v\u00f4 c\u00f9ng t\u1ef1 h\u00e0o. Anh ch\u1ecdn c\u00e1ch nhi\u1ebfp \u1ea3nh ch\u00e2n th\u1eadt v\u00e0 tinh t\u1ebf, ho\u00e0n to\u00e0n t\u1eeb ch\u1ed1i vi\u1ec7c s\u1eed d\u1ee5ng Photoshop \u0111\u1ec3 t\u1ea1o m\u00e0u s\u1eafc s\u1eb7c s\u1ee1 ho\u1eb7c \u1ed1ng k\u00ednh g\u00f3c r\u1ed9ng \u0111\u1ec3 l\u00e0m bi\u1ebfn \u0111\u1ed5i th\u1ef1c t\u1ebf. \u0110\u1ed1i v\u1edbi Louis Wu, v\u1ebb \u0111\u1eb9p v\u00e0 c\u1ea3m x\u00fac ch\u00e2n th\u1eadt l\u00e0 \u0111i\u1ec1u c\u1ed1t l\u00f5i trong t\u1eebng b\u1ee9c \u1ea3nh.<\/em><\/p>\n\n\n\n<p><em>Anh \u0111\u1eb7c bi\u1ec7t y\u00eau th\u00edch vi\u1ec7c ch\u1ee5p \u1ea3nh tr\u1eafng \u0111en, m\u1ed9t l\u1ef1a ch\u1ecdn gi\u00fap l\u00e0m n\u1ed5i b\u1eadt s\u1ef1 tinh t\u1ebf v\u00e0 chi\u1ec1u s\u00e2u c\u1ee7a c\u1ea3m x\u00fac m\u00e0 kh\u00f4ng b\u1ecb ph\u00e2n t\u00e2m b\u1edfi m\u00e0u s\u1eafc. Trong th\u1ebf gi\u1edbi kh\u00f4ng m\u00e0u s\u1eafc \u1ea5y, m\u1ed7i kho\u1ea3nh kh\u1eafc, d\u00f9 l\u00e0 m\u1ed9t c\u00e1i n\u1eafm tay nh\u1eb9 nh\u00e0ng, m\u1ed9t c\u00e1i \u00f4m \u1ea5m \u00e1p, hay m\u1ed9t \u00e1nh m\u1eaft \u0111\u1ea7y t\u00ecnh c\u1ea3m, \u0111\u1ec1u \u0111\u01b0\u1ee3c th\u1ec3 hi\u1ec7n m\u1ed9t c\u00e1ch r\u00f5 n\u00e9t v\u00e0 s\u00e2u l\u1eafng. Louis Wu kh\u00f4ng ch\u00fa tr\u1ecdng v\u00e0o vi\u1ec7c tu\u00e2n th\u1ee7 c\u00e1c quy t\u1eafc b\u1ed1 c\u1ee5c hay \u0111\u1ea1t s\u1ef1 r\u00f5 n\u00e9t ho\u00e0n h\u1ea3o. Thay v\u00e0o \u0111\u00f3, anh mong mu\u1ed1n m\u1ed7i b\u1ee9c \u1ea3nh \u0111\u1ec1u l\u00e0 m\u1ed9t t\u00e1c ph\u1ea9m ngh\u1ec7 thu\u1eadt ch\u00e2n th\u1eadt, ph\u1ea3n \u00e1nh t\u00ecnh y\u00eau v\u00e0 c\u1ea3m x\u00fac ch\u00e2n th\u00e0nh nh\u1ea5t c\u1ee7a nh\u1eefng kho\u1ea3nh kh\u1eafc qu\u00fd gi\u00e1<\/em>&#8221;  &#8211; LUXUO.VN<\/p>\n","protected":false},"excerpt":{"rendered":"<p>WEDDING page information<\/p>\n","protected":false},"author":1,"featured_media":0,"parent":0,"menu_order":0,"comment_status":"closed","ping_status":"closed","template":"page-templates\/porfolio.php","meta":{"_acf_changed":false,"om_disable_all_campaigns":false,"_monsterinsights_skip_tracking":false,"_monsterinsights_sitenote_active":false,"_monsterinsights_sitenote_note":"","_monsterinsights_sitenote_category":0,"footnotes":""},"class_list":["post-70","page","type-page","status-publish","hentry"],"acf":[],"aioseo_notices":[],"_links":{"self":[{"href":"https:\/\/louiswu.vn\/index.php\/wp-json\/wp\/v2\/pages\/70","targetHints":{"allow":["GET"]}}],"collection":[{"href":"https:\/\/louiswu.vn\/index.php\/wp-json\/wp\/v2\/pages"}],"about":[{"href":"https:\/\/louiswu.vn\/index.php\/wp-json\/wp\/v2\/types\/page"}],"author":[{"embeddable":true,"href":"https:\/\/louiswu.vn\/index.php\/wp-json\/wp\/v2\/users\/1"}],"replies":[{"embeddable":true,"href":"https:\/\/louiswu.vn\/index.php\/wp-json\/wp\/v2\/comments?post=70"}],"version-history":[{"count":6,"href":"https:\/\/louiswu.vn\/index.php\/wp-json\/wp\/v2\/pages\/70\/revisions"}],"predecessor-version":[{"id":584,"href":"https:\/\/louiswu.vn\/index.php\/wp-json\/wp\/v2\/pages\/70\/revisions\/584"}],"wp:attachment":[{"href":"https:\/\/louiswu.vn\/index.php\/wp-json\/wp\/v2\/media?parent=70"}],"curies":[{"name":"wp","href":"https:\/\/api.w.org\/{rel}","templated":true}]}}